digit of ((-60)/16)/(m/(-4))?
5
Let f(w) = -w**2 + 17*w. Let v be f(8). Let n = v + -34. What is the units digit of n?
8
What is the tens digit of 224/2*1*2?
2
Let p(i) = i**3 + 7*i**2 - 8*i - 2. Let y be p(-8). Let h = y + 2. Suppose h*w - 20 = -4*w. What is the units digit of w?
5
Let p(n) = -705*n + 602. What is the units digit of p(-5)?
7
Let n = 2 - 0. Suppose -3*i = 4*q + 34, i = -n*q - 26 + 10. Let p = q + 17. What is the tens digit of p?
1
Let v(b) = b**3 - 12*b**2 + 10*b + 15. Let j = 55 + -44. What is the units digit of v(j)?
4
Suppose 0 = 3*f + d - 20, -6*d = 4*f - 2*d - 40. Suppose -9 = 4*r + 2*t + 21, -f*r + t - 48 = 0. What is the tens digit of ((-3)/(-5))/(r/(-315))?
2
Let l(p) = 84*p**2 - 5*p - 4. What is the units digit of l(3)?
7
Let b be 27 + 2/(-2*1). Suppose 117 = -32*g + 35*g. What is the tens digit of g/b*(29 + 1)?
4
Let m(s) = -s**2 + 7*s + 20. Let i be m(-4). What is the units digit of 1*30*(-40)/i?
0
Suppose 3*h - y - 46 = 0, 0*h + 3*y = -4*h + 44. Let r be 609/49 + (-6)/h. Suppose -2*u = 4*x - r - 138, 4*x - 159 = -5*u. What is the tens digit of x?
3
Suppose 129*m - 6456 = 123*m. What is the tens digit of m?
7
Let v = -31 - -34. Suppose v*c = 9*c - 366. What is the units digit of c?
1
Let h(p) = p. Let g be h(6). Suppose q - t - 6 = t, -3*t = g. Suppose -q*y = -3*d - y + 153, 5*d - 253 = y. What is the tens digit of d?
5
Suppose -4*v = 4*d - 11 - 9, 11 = -v + 3*d. Let j(a) = -8 - a + 2 - 3*a + v. What is the units digit of j(-2)?
3
Let q be 16 + -25 + (-1 - -4). Let j(o) = -o**3 - 3*o**2 + o - 11. What is the units digit of j(q)?
1
Suppose -4*u = 3*z - 4, -5*u + 15 = 2*z + 3*z. Suppose 3*f = -z + 29. Suppose 63 = 4*o + f. What is the units digit of o?
4
Let x = 90 - 94. Let d(z) be the first derivative of z**3/3 - 5*z**2/2 - 8*z - 2. What is the tens digit of d(x)?
2
Suppose -5*c = -5*u - 0*c + 30, 3*u - 5*c - 20 = 0. Let s be (u - 0)*(-4)/(-10). What is the tens digit of ((-7)/s)/((-4)/56)?
4
Let v = -15 + 9. Let l(g) = -g**2 - 6*g + 6. Let p be l(v). Suppose p*s - 5*s - 3 = 0. What is the units digit of s?
3
Let k(v) = 78*v**2 - 63*v + 1. What is the thousands digit of k(6)?
2
What is the hundreds digit of (-2)/(-12) - 182495/(-510)?
3
Let a(n) = n**2 - 12*n + 30. Let r be a(9). Suppose r*t = -3*o + 453, -o + 143 = 4*t - 2. What is the units digit of o?
3
Suppose -4*g - 10640 = -4*h, 5*g + 2234 + 3098 = 2*h. What is the tens digit of h?
5
Let v = 25 + -20. Suppose z + 0*z - 567 = -v*h, 0 = -h + 3*z + 123. What is the units digit of h?
4
What is the hundreds digit of (-12481)/(-28) - (-2)/8?
4
Let k(j) = j**3 + 5*j**2 + 5*j + 7. Let w be k(-5). Let l be (-38)/9 + (-4)/w. What is the units digit of (-2)/(-1) + l/4?
1
Let u = 157 + -152. Suppose -7*d + 5*d - 5*r + 191 = 0, u*d + r - 512 = 0. What is the tens digit of d?
0
Let h(x) = -x**3 - 9*x**2 + 12*x + 4. Let w be h(-10). Let k = w - -16. Suppose 4*a + 2*c + k*c - 84 = 0, c = 5*a - 91. What is the tens digit of a?
1
What is the tens digit of 4*(1 - 1818/(-24))?
0
Suppose 4*b = -3*z - 90, z + b + 24 + 5 = 0. Let r = z + 38. What is the tens digit of 486/r*2/3?
2
Let a = -1371 + 2313. What is the hundreds digit of a?
9
Let f = -274 - -415. Let o = 206 - f. What is the tens digit of o?
6
Let w(y) = -275*y - 53. What is the units digit of w(-2)?
7
Suppose 41*y - 6127 - 8715 = 0. What is the tens digit of y?
6
Let o(i) be the third derivative of i**5/30 + i**4/8 - 4*i**2. Let f be o(-2). Suppose f*z + 20 = 3*z. What is the units digit of z?
0
Let m(o) be the first derivative of o - 1 + 9/2*o**2. What is the units digit of m(1)?
0
Let p be 13*(3 + -2)*(85 + 12). Suppose -19*w + p = -3717. What is the units digit of w?
2
Let n = 1124 - 639. What is the units digit of n?
5
Let c be -9 + 3 + (1 - 2). Let v(r) = -r**3 - 7*r**2 - 2*r - 2. What is the units digit of v(c)?
2
Suppose 2*l = 4*h + 22, -3*h + 5*h = -l - 9. Suppose -3 - 3 = -2*c. Suppose -11 = -4*u + w - l, -c*w = 6. What is the units digit of u?
2
Let j(l) = 6*l**2 - 5*l + 3. Let h be j(3). Let v be (-281)/(-4) - -6*(-5)/(-40). Let y = v - h. What is the tens digit of y?
2
Let q(r) = 2*r**2 + 13*r + 1. Let y be (9/(-4))/(3/8). Let s be q(y). What is the units digit of 68 + (0 - 20/s)?
2
Suppose 0*f = 4*f + 32. Let q(d) = d + 11. Let u be q(f). What is the units digit of -60*((-65)/(-25) - u)?
4
Let f = -16 + 19. Suppose 5*j + f*j = 24. What is the units digit of j?
3
Suppose -3*v + 5*s + 1028 = s, -s + 678 = 2*v. What is the hundreds digit of v?
3
Let f(j) = 0*j**3 - j + 2*j**2 + 1 + j**3 + j**2. Let s(u) = -u**3 + 7*u**2 + 10*u - 14. Let g be s(8). What is the tens digit of f(g)?
1
Let d(c) = c**3 - 2*c**2 - 3*c + 3. Let a be d(3). Suppose -27 = -n + 5*m + 11, -a*n - m + 114 = 0. What is the tens digit of n?
3
Suppose 4*j + 7 = 5*o, j = -j - 2*o + 10. Suppose 2 + 8 = j*h. Suppose -p = s, h*p - 12 + 2 = -3*s. What is the units digit of p?
5
Suppose 70 = g - 51. Suppose -4*u - g - 151 = 0. Let s = -35 - u. What is the units digit of s?
3
Let m(h) = -h**3 - 8*h**2 - 6*h + 8. Suppose 0 = -9*s + 7*s - 2. Let v be 1*(3 - -4)/s. What is the units digit of m(v)?
1
Let b = -27 - -29. Suppose 0 = a + b - 64. What is the tens digit of a?
6
Let x be (-34)/((-2 - -4)/(-4)). What is the tens digit of (8 - 0)/(8/x)?
6
Let y(m) = 3*m**3 - 2*m**2 + m + 2. Let x be y(-3). Let o = x - -179. What is the units digit of o?
9
Let g(y) = -y**3 + 4*y**2 + y - 4. Let m be g(4). Suppose 4*l = -5*h + 48, -l + 2*h + 0 - 1 = m. What is the units digit of 25/l + (-12)/(-28)?
4
Suppose -5*p + 6*p = 3. Let g(l) = l**2 - 2*l. Let n be g(p). Suppose -5*x + 29 = r, r - 3*x = n*r - 23. What is the units digit of r?
4
Let j = 24 - 17. Suppose 4*s + 82 = -3*w, j*w = 2*w + 3*s - 185. Let a = -22 - w. What is the units digit of a?
2
Let w(o) be the second derivative of o**4/12 - o**3/2 + 5*o**2 - 2*o. Suppose v - 6 = -2. What is the tens digit of w(v)?
1
Let n(w) = -2*w - 21. Let l(v) = v. Let g(i) = -l(i) - n(i). Let b be g(0). Suppose -b = -3*o + 2*o. What is the units digit of o?
1
Let h be (-2)/10 + (-324)/(-20). Let i(w) = -w**3 + 16*w**2 + 5*w + 12. What is the units digit of i(h)?
2
Let x be 6*(2 - 6 - -3). What is the tens digit of (-2 - -8)*(-70)/x?
7
Suppose -4*j + 4695 = w, 2*j - 3*w = -j + 3540. What is the thousands digit of j?
1
Suppose -8*v = -3*v - h - 6990, -3*v + h = -4194. What is the thousands digit of v?
1
Suppose o + 11 = 34. Suppose 0 = -2*l - 10, -5 + o = s - 2*l. What is the units digit of s?
8
What is the hundreds digit of (-1)/((-12)/2820) + 5*1?
2
Let k = -220 - -943. What is the hundreds digit of k?
7
Let w(f) = -10 + 1 - 11 + f. Let o be w(6). Let y = o - -28. What is the units digit of y?
4
Let w = -1850 + 3921. What is the units digit of w?
1
Suppose -14979 = -10*f + 5901. What is the hundreds digit of f?
0
Suppose 0 = 39*s - 34*s - 5*x - 5055, 996 = s + 4*x. What is the tens digit of s?
0
Let v = 172 - 106. Suppose 2*i + 6 = 0, b + b - 2*i = v. Suppose 5*k + b = 80. What is the units digit of k?
0
Let w(b) = b - 5. Let h be w(4). Let k(i) = 77*i**2 + 2*i + 1. What is the units digit of k(h)?
6
Let w be (-10)/(-45) + (68/18 - 2). Suppose -12 = -w*t - 5*m, 7 = -4*m - 9. What is the units digit of t?
6
Let w = -120 + 122. Suppose -w*i + 223 = -181. What is the units digit of i?
2
Let v be -116 + (-1 - -3 - 4). Let x = v - -128. What is the units digit of x?
0
Let t(a) = a**2 + 9*a - 25. Let n be t(-11). What is the units digit of ((-2)/n - 1)/(2/(-18))?
3
Let c be 4*(3 + 10/(-4)). Suppose 0 = c*o + 2*x - 6, 0 = -x - 3*x + 16. Let r(a) = -6*a**3 - 2*a - 1. What is the units digit of r(o)?
7
Suppose 0 = -x - 3*x - 8, 0 = -a + 3*x + 600. What is the tens digit of a?
9
Let k(i) = -64*i + 252. What is the hundreds digit of k(-14)?
1
Let o be (-6)/(2 - 2 - 3). Let t be o + 3/((-9)/6). Suppose t = 9*a - 6*a - 78. What is the units digit of a?
6
Let p(y) = 2*y**2 + y + 5. Let d be 36/10 + 4/10. Let x be p(d). Suppose 3*i - 8 = -4*n, -2*i + 18 = -3*n + x. What is the units digit of n?
5
Let r be -4 + 1 - 34/(-1). Let p = 4 - 10. Let c = r + p. What is the units digit of c?
5
Suppose -45*g + 581 = -44*g. What is the tens digit of g?
8
Let s(i) = -i**3 + 4*i**2 + 4*i - 6. Let h be s(4). Let y(c) = c**2 - 8*c - 2. What is the unit